mainder when 10134218 is divided by 2026826?
88
Calculate the remainder when 920923 is divided by 691.
511
What is the remainder when 6151292 is divided by 184?
172
What is the remainder when 696971 is divided by 20?
11
Calculate the remainder when 24341 is divided by 7577.
1610
Calculate the remainder when 65322 is divided by 276.
186
Calculate the remainder when 3627892 is divided by 266.
184
Calculate the remainder when 112198 is divided by 112194.
4
What is the remainder when 124440 is divided by 695?
35
Calculate the remainder when 412339 is divided by 51460.
659
Calculate the remainder when 90457629 is divided by 2928.
2925
Calculate the remainder when 1952331 is divided by 645.
561
Calculate the remainder when 24942951 is divided by 4685.
11
What is the remainder when 67430 is divided by 1571?
1448
Calculate the remainder when 201718 is divided by 2460.
2458
Calculate the remainder when 192709 is divided by 7702.
159
What is the remainder when 4837479 is divided by 894?
45
What is the remainder when 390889 is divided by 1237?
1234
Calculate the remainder when 1630019 is divided by 197.
41
Calculate the remainder when 334162 is divided by 866.
752
What is the remainder when 1515353 is divided by 1986?
35
What is the remainder when 16006027 is divided by 316?
311
Calculate the remainder when 1498119 is divided by 249685.
9
Calculate the remainder when 2976155 is divided by 330682.
17
What is the remainder when 158774 is divided by 79166?
442
Calculate the remainder when 65647 is divided by 9280.
687
What is the remainder when 630137 is divided by 1497?
1397
Calculate the remainder when 4397462 is divided by 879487.
27
Calculate the remainder when 54995 is divided by 1331.
424
Calculate the remainder when 212505 is divided by 106066.
373
What is the remainder when 5405420 is divided by 66?
20
What is the remainder when 1374222 is divided by 7?
3
Calculate the remainder when 16123158 is divided by 49.
2
What is the remainder when 16961595 is divided by 1?
0
Calculate the remainder when 29846765 is divided by 104.
13
What is the remainder when 3506001 is divided by 10656?
177
What is the remainder when 1001922 is divided by 4042?
3548
What is the remainder when 630244 is divided by 19098?
10
Calculate the remainder when 32836325 is divided by 1584.
5
What is the remainder when 1902681 is divided by 190268?
1
Calculate the remainder when 1333414 is divided by 869.
368
What is the remainder when 165241 is divided by 82016?
1209
What is the remainder when 2325787 is divided by 1162589?
609
What is the remainder when 219080569 is divided by 2381?
2378
Calculate the remainder when 228125 is divided by 2921.
287
What is the remainder when 10482 is divided by 10323?
159
What is the remainder when 500214 is divided by 233?
196
Calculate the remainder when 4550438 is divided by 454.
450
What is the remainder when 921821 is divided by 504?
5
Calculate the remainder when 9555 is divided by 895.
605
What is the remainder when 279274 is divided by 427?
16
Calculate the remainder when 21247 is divided by 15056.
6191
Calculate the remainder when 1262243 is divided by 460.
3
Calculate the remainder when 1368347757 is divided by 90.
87
Calculate the remainder when 150779683 is divided by 107.
98
What is the remainder when 222038 is divided by 18479?
290
What is the remainder when 288318 is divided by 1584?
30
What is the remainder when 3122712 is divided by 1669?
13
Calculate the remainder when 2461122 is divided by 820346.
84
What is the remainder when 3635822 is divided by 1960?
22
What is the remainder when 442516 is divided by 979?
8
Calculate the remainder when 7218598 is divided by 5383.
5378
What is the remainder when 604341693 is divided by 3136?
3133
Calculate the remainder when 21966 is divided by 4005.
1941
What is the remainder when 71086211 is divided by 132?
119
What is the remainder when 442787 is divided by 15570?
6827
What is the remainder when 1088679 is divided by 3445?
59
What is the remainder when 19811 is divided by 1409?
85
What is the remainder when 147192869 is divided by 473?
472
What is the remainder when 7987683 is divided by 65?
28
What is the remainder when 6165581 is divided by 63?
23
What is the remainder when 16359096 is divided by 32?
24
What is the remainder when 11215110 is divided by 396?
390
Calculate the remainder when 1470898 is divided by 735435.
28
Calculate the remainder when 11686423 is divided by 700.
623
What is the remainder when 692837 is divided by 36?
17
Calculate the remainder when 432558 is divided by 11382.
42
Calculate the remainder when 556936 is divided by 630.
16
What is the remainder when 88543 is divided by 1090?
253
Calculate the remainder when 44816317 is divided by 142274.
7
Calculate the remainder when 733439 is divided by 1289.
1287
What is the remainder when 186062 is divided by 62013?
23
What is the remainder when 209746 is divided by 4559?
32
What is the remainder when 53745870 is divided by 2639?
2635
Calculate the remainder when 690601 is divided by 432.
265
Calculate the remainder when 57962528 is divided by 1610070.
8
Calculate the remainder when 7660134 is divided by 2553376.
6
What is the remainder when 76080311 is divided by 378509?
2
What is the remainder when 65041 is divided by 32426?
189
Calculate the remainder when 139044 is divided by 139030.
14
What is the remainder when 1188130 is divided by 1188045?
85
Calculate the remainder when 4193631 is divided by 116.
115
Calculate the remainder when 45228609 is divided by 12.
9
Calculate the remainder when 1704105 is divided by 13418.
19
What is the remainder when 13221816 is divided by 1335?
1311
What is the remainder when 13908999 is divided by 382?
379
Calculate the remainder when 5418474 is divided by 463.
448
Calculate the remainder when 9284173 is divided by 19.
13
Calculate the remainder when 191197075 is divided by 72.
67
Calculate the remainder when 119208 is divided by 839.
70
What is the remainder when 7161807 is divided by 1432360?
7
Calculate the remainder when 121801 is divided by 8682.
253
What is the remainder when 182543347 is divided by 34?
33
What is the remainder when 4580 is divided by 634?
142
Calculate the remainder when 58728319 is divided by 320.
319
What is the remainder when 22040405 is divided by 5794?
29
What is the remainder when 116749624 is divided by 21?
19
Calculate the remainder when 167249272 is divided by 25.
22
What is the remainder when 257012 is divided by 128120?
772
What is the remainder when 31666028 is divided by 15833014?
0
Calculate the remainder when 666548 is divided by 1495.
1273
Calculate the remainder when 2047392 is divided by 43.
33
What is the remainder when 60155 is divided by 30046?
63
Calculate the remainder when 129255089 is divided by 94.
13
What is the remainder when 53222 is divided by 53168?
54
What is the remainder when 68103 is divided by 34031?
41
Calculate the remainder when 183451 is divided by 22870.
491
What is the remainder when 1835404 is divided by 16535?
19
What is the remainder when 244821 is divided by 122347?
127
Calculate the remainder when 4080927 is divided by 28536.
279
Calculate the remainder when 3855685 is divided by 81.
4
What is the remainder when 4040650 is divided by 673399?
256
What is the remainder when 162870 is divided by 16268?
190
What is the remainder when 320960 is divided by 344?
8
What is the remainder when 12247699 is divided by 100?
99
What is the remainder when 214648495 is divided by 227623?
6
Calculate the remainder when 50374089 is divided by 12.
9
Calculate the remainder when 299055 is divided by 4270.
155
What is the remainder when 85419 is divided by 42485?
449
Calculate the remainder when 305382 is divided by 3816.
102
What is the remainder when 455750 is divided by 4220?
4210
Calculate the remainder when 913410 is divided by 12504.
618
Calculate the remainder when 51350 is divided by 5122.
130
Calculate the remainder when 345316910 is divided by 99172.
6
What is the remainder when 595524 is divided by 389?
354
Calculate the remainder when 21238262 is divided by 5.
2
What is the remainder when 463806 is divided by 15993?
9
Calculate the remainder when 148438 is divided by 156.
82
What is the remainder when 370207 is divided by